 c be 0/((9/(-6))/(12/(-16))). Is 27 a factor of (c + -1 - -33) + 2?
False
Let f(k) = -k**2 + 15*k - 22. Let i be f(13). Suppose -i*g + 221 = 53. Is g a multiple of 42?
True
Suppose 37 = u - 181. Suppose 212 = 4*k - 5*p + p, -4*k - 2*p = -u. Does 9 divide k?
True
Suppose -783 - 819 = -a. Is 103 a factor of a?
False
Let o(v) = v**3 + 16*v**2 - 7*v - 35. Is o(-12) a multiple of 27?
False
Suppose -2*s + 7*s = 165. Suppose u = 5*z + s, -5*u - z + 22 = -3*u. Let k = u + 12. Is 15 a factor of k?
False
Let w(v) = v**3 - 16*v**2 - 46*v + 43. Is w(19) a multiple of 6?
True
Suppose 3*c = 4*u + 20, -4*c + 4*u + 4 = -5*c. Suppose -1 = k + c*i - 0, 0 = 2*i + 6. Does 11 divide k?
True
Suppose 2*d + 2*j = 18, j + 19 = -2*d + 33. Let a(w) be the first derivative of -w**2 + 12*w - 1. Is 2 a factor of a(d)?
True
Let s(l) = -9*l + 8. Let q be s(10). Let r = -37 - q. Is r a multiple of 15?
True
Let i(x) = -39*x + 34. Does 76 divide i(-21)?
False
Let v(n) = 6*n - 22. Let q be v(3). Is 6 a factor of 598/4 - q/8?
True
Let n = -738 + 1110. Suppose 4*k + 44 = n. Is k a multiple of 25?
False
Let u(m) be the second derivative of m**3 - 15*m**2/2 - 2*m - 7. Is u(7) a multiple of 3?
True
Let n = -445 - -1129. Is n a multiple of 36?
True
Suppose -2*x = -2*m - 6*x, 2*m - 1 = -5*x. Let v(g) = g**3 + g**2 - g + 1. Let u(s) = -2*s**2 + s - 3. Let t(p) = -u(p) - v(p). Does 7 divide t(m)?
True
Suppose -21*z = 315 - 8820. Does 53 divide z?
False
Let z(k) = 6*k**2 - 23*k + 27. Is z(-9) a multiple of 15?
True
Suppose -4*o - 4*a = -2*a - 692, -4*o + 4*a + 680 = 0. Let f = -115 + o. Does 15 divide f?
False
Let f be 1*-4 + 4 + -3. Let t(c) = -1 + 0*c**2 - 2*c**2 + 0*c**2 + 4*c**2 + 3*c. Does 4 divide t(f)?
True
Suppose d = v + 240, -2*v - d - d = 492. Let k = -168 - v. Suppose 0 = -0*z + 3*z - k. Is z a multiple of 25?
True
Let j(b) = 5*b**2 - 8*b + 3. Let l = -15 - -18. Does 12 divide j(l)?
True
Is (0 + (-80)/6)/(1/(-63)) a multiple of 20?
True
Suppose 4 - 72 = 4*z. Is 3 a factor of z/(204/(-16))*(-6)/(-1)?
False
Let g(u) = 5*u**2 + 16*u - 61. Suppose -38 = -2*y - 28. Is g(y) a multiple of 16?
True
Is ((-138)/(-5))/(94/11280) a multiple of 36?
True
Suppose 0 = 2*o, -u + 3*o + 971 = -o. Is 11 a factor of u?
False
Let g(u) = 4*u - 16. Let f be g(6). Suppose 14*p = f*p + 300. Is 8 a factor of p?
False
Suppose -u + 41 = -3*u + 3*a, -5*a = -u - 31. Suppose 2*o = 7*o - 20. Is 25 a factor of (236/u)/((-1)/o)?
False
Suppose -435 = -2*y + 5*z + 1426, 0 = -3*y + z + 2759. Does 5 divide y?
False
Suppose 2*f - 5*r - 6 = 13, -3*r - 13 = -2*f. Suppose -288 = -3*z + d, -f + 5 = -d. Suppose -3*g + 31 = -z. Is 11 a factor of g?
False
Let b = -2856 - -5302. Is b a multiple of 18?
False
Let n be (-17)/3 + (-4)/(-6). Let y(a) = -a**3 + 7*a**2 - 9*a + 14. Let p be y(6). Is n*(-2 + p/10) a multiple of 12?
True
Let d = -1 + -12. Let k(v) = v**3 + 14*v**2 + 13*v. Let n be k(d). Let y = 24 + n. Does 24 divide y?
True
Let j(n) = -3*n**2 + n - 1. Let a be j(5). Let d = 124 + a. Does 12 divide d?
False
Suppose 3 = -j - 6. Let a(u) = -3*u. Is 27 a factor of a(j)?
True
Let w(y) = 3*y**3 - 4*y**2 + 8*y - 9. Let g(j) = 4*j**3 - 6*j**2 + 12*j - 13. Let a be 15*(8/(-3) - -3). Let s(p) = a*g(p) - 7*w(p). Does 24 divide s(-5)?
False
Suppose -71 = -3*v - 3*k + k, -v + 5*k + 18 = 0. Let c = 1 + v. Is c a multiple of 6?
True
Let a = -13 - -13. Suppose -4*u = 17 - 1, 5*i - 2*u - 2023 = a. Is 16 a factor of (-1 + 2)/(13/i)?
False
Let z = 18 + 18. Let t be 1 + (25 - 4 - -2). Let h = z - t. Is 12 a factor of h?
True
Let f = -4614 + 8379. Is 21 a factor of f?
False
Suppose -4*k + 25 = -5*l, 4*k + 4*l + 20 = 8*k. Suppose k = 10*j - 11*j + 4. Is j even?
True
Suppose -4*d = -0*d. Suppose d = -0*t - 5*t + 595. Is t a multiple of 26?
False
Suppose 0 = -5*h + 2*h - 36. Let c(i) = -i**3 - 10*i**2 + 9*i + 5. Is c(h) a multiple of 37?
True
Suppose -2*o - 3*p = -8, 2*o - 4*p = 18 + 4. Is 2 a factor of o?
False
Let g = 216 - 154. Let d = 89 - g. Is d a multiple of 4?
False
Suppose 4*d + 3*v + 44 = 0, -20 = 5*d - 0*v - 5*v. Let y be -2*(-2)/(-8)*d. Let u = y + 2. Does 3 divide u?
True
Suppose -4*f + 91 = -73. Let m = 49 - f. Does 2 divide m?
True
Is 6 a factor of (4/(60/(-189)))/((-6)/20)?
True
Suppose -7*o = -6*o - 552. Suppose 33*v - 37*v + o = 0. Is 27 a factor of v?
False
Let z(f) = 15*f**2 - 30*f + 27. Is 10 a factor of z(-10)?
False
Is (-12)/8*(-6)/(-9) + 7 a multiple of 6?
True
Suppose -5*g + y + 30 = -4*y, 0 = 5*g + 5*y - 10. Suppose 204 = 5*n - g*i - 92, 0 = 2*i + 8. Is n a multiple of 8?
True
Let g = 2036 + 1234. Is (g/12 + -4)*4/6 a multiple of 19?
False
Let o(d) = -5*d + 2 - 2 + 11*d**2 + 8*d - 2. Does 12 divide o(2)?
True
Let t(w) = -3*w**2 - w - 1. Let n be 64/(-10) - 2/(-5). Let i(p) = 4*p**2 + p + 2. Let l(q) = n*t(q) - 4*i(q). Does 2 divide l(-2)?
True
Let h(z) = -z + 1. Let k be h(-4). Suppose f - k = -0*f - 4*v, -2*f + 2*v = 0. Does 11 divide (f/(-4))/(3/(-132))?
True
Let u = -20 + 22. Suppose -q + u*p + 0*p = -32, p = 3*q - 76. Is 6 a factor of q?
True
Suppose 6020 = -38*n + 48*n. Is n a multiple of 7?
True
Suppose -i + 3*f = 139, 4*f = 5*i + 3*f + 625. Let q = 218 + i. Is q a multiple of 18?
False
Let p be 544/119 - (-4)/(-7). Suppose 5*a - 1362 = g, -p*g + 3*g + 1358 = 5*a. Does 41 divide a?
False
Let i be 6/(-15)*(3 + -56 + -2). Does 4 divide (11 + -13)/(i/(-20) - -1)?
True
Let j(d) = -2*d + 4. Let q be j(-4). Let z = 12 - q. Suppose -3*b + z*b = -126. Does 14 divide b?
True
Is (1/(-4))/((-4)/64) + 296 a multiple of 30?
True
Suppose -2*s - 6 = 0, 10*l - 5*l + 3*s = 46. Let y(h) be the first derivative of -h**3/3 + 11*h**2/2 + 12*h - 66. Does 4 divide y(l)?
True
Let d(y) = 9*y**2 - 64*y - 9. Is 5 a factor of d(8)?
True
Does 2 divide (-1 + 2/(-4))/(104/(-6864))?
False
Let j(h) = 3*h + 107. Does 6 divide j(-13)?
False
Suppose 5*o = o + 124. Suppose o = s - 37. Is 15 a factor of s?
False
Let x(y) = -y**3 - 9*y**2 + 10*y + 2. Let u be (-720)/70 - (-2)/7. Let i be x(u). Suppose 0 = -i*o + o - 3, -5*o - 83 = -2*t. Is 34 a factor of t?
True
Let b(w) = -w**2 - 14*w + 3. Let x(z) = 3*z**2 - z. Let a be x(2). Suppose -7*p + a*p = -33. Is 9 a factor of b(p)?
True
Let x be 26/(-117) + 115/(-9). Let n(y) = y**2 - 13*y - 9. Let o be n(x). Suppose -4*t + o = 29. Does 14 divide t?
False
Suppose 0*p + 5*p + 380 = 0. Let t = p - -116. Is t a multiple of 20?
True
Let a(v) = -v**3 + 15*v**2 + 15*v + 17. Let j be a(16). Does 4 divide j + (1 - -1 - -13)?
True
Let p(c) = -c**3 - 7*c**2 + 44*c + 9. Is 9 a factor of p(-14)?
True
Does 15 divide (2443 + 11 + -21)*(-3)/(-9)?
False
Let p be ((-274)/4)/(3/(-6)). Let t = p - 66. Suppose 0 = -2*l + 4*l + 5*g - t, -106 = -4*l + 2*g. Is 14 a factor of l?
True
Let l(r) = -11*r + 7 - 11 - r**2 - 12. Let f be l(-7). Suppose f = -2*i + 5*i. Is i a multiple of 4?
True
Suppose -5*i + 19 = 4. Suppose i*l - 5*l - 117 = -f, -l = -5*f + 576. Let x = -61 + f. Is x a multiple of 11?
False
Let s(x) be the third derivative of -x**4/3 + 4*x**3 - 33*x**2. Is s(-22) a multiple of 10?
True
Let g(h) = h + 9. Let j be g(-7). Suppose -j*k - k + 3 = 0. Is -1*((4 - k) + -18) a multiple of 5?
True
Let o(v) = v**3 + 2*v + 195. Let h be o(0). Suppose -117 = -3*t - k, -t = -6*t - 3*k + h. Does 13 divide t?
True
Let k be ((-3)/(-5))/(11/(-55)). Let r = k - -7. Is 14 a factor of 89/r + (-6)/(-8)?
False
Let m be 8/(-12) - (-110)/3. Let o = m + -30. Does 6 divide o?
True
Suppose 5441 = 3*g - 2*l, -l = g - 2371 + 564. Does 10 divide g?
False
Let f(q) = q**3 - 52*q**2 + 2*q + 25. Does 43 divide f(52)?
True
Suppose -3*f - l + 4 = -1, -3*f = -4*l - 25. Suppose -5 = i, -5*k + 183 = -f*k + 3*i. Does 33 divide k?
True
Suppose -g + 1066 = -1240. Is 42 a factor of g?
False
Let c = 8 - 6. Let f(i) = 51*i + 2. Let b be f(c). Let o = b + -70. Does 17 divide o?
True
Let o(t) = -t**3 + 8*t**2 + 20*t + 6. Let v be o(10). Let b(j) = 4*j + 2. Is b(v) even?
True
Let j = -383 + 723. Suppose 4*g = 2*g + j. Does 34 divide g?
True
Let o = -6 - -14. Let r be (56/21*3*4)/2. Suppose -r = o*t - 144. Is t a multiple of 8?
True
Suppose 3*g + 0*g = 6, g - 2 = 5*s. Let k = s - 4. Does 14 divide (k/(-6))/((-14)/(-504))?
False
Suppose -4*c - 2*c = 0. Suppose 6*l - 281 - 145 = c. Is l a multiple of 34?
False
Does 13 divide 2/(-7) - 93096/(-378)?
False
Suppos